{"id":868,"date":"2015-10-22T21:09:26","date_gmt":"2015-10-22T21:09:26","guid":{"rendered":"http:\/\/s293241499.onlinehome.fr\/Luxtrans\/?page_id=868"},"modified":"2016-04-25T14:46:42","modified_gmt":"2016-04-25T14:46:42","slug":"quels-organes-peut-on-offrir","status":"publish","type":"page","link":"http:\/\/s293241499.onlinehome.fr\/Luxtrans\/quels-organes-peut-on-offrir\/","title":{"rendered":"Quels organes peut-on offrir?"},"content":{"rendered":"<p style=\"text-align: justify;\"><span style=\"color: #993366;\">Les organes<\/span> pour lesquels les besoins sont les plus importants sont :<\/p>\n<p>Le rein<br \/>\nLe foie<br \/>\nLe c\u0153ur<br \/>\nLe poumon<br \/>\nLe pancr\u00e9as<\/p>\n<p style=\"text-align: justify;\">On pr\u00e9l\u00e8ve \u00e9galement souvent les corn\u00e9es, et parfois des parties de l\u2019intestin ou des tissus comme des os, des art\u00e8res, des tendons&#8230; <span style=\"color: #993366;\"><em>On parle ici des pr\u00e9l\u00e8vements de tissus.<\/em><\/span><\/p>\n<p style=\"text-align: justify;\">Les \u00e9l\u00e9ments du corps qui, une fois pr\u00e9lev\u00e9s, peuvent modifier l\u2019aspect du d\u00e9funt sont remplac\u00e9s par des \u00e9l\u00e9ments artificiels : de fines lentilles \u00e0 la surface des yeux pour remplacer les corn\u00e9es, des proth\u00e8ses en mat\u00e9riaux synth\u00e9tiques pour les os.<\/p>\n<p><strong>Tr\u00e8s Important<\/strong><\/p>\n<p>Le corps rendu aux familles ne porte pas de cicatrices apparentes des pr\u00e9l\u00e8vements, seulement des pansements.<\/p>\n<p><a href=\"http:\/\/s293241499.onlinehome.fr\/Luxtrans\/wp-content\/uploads\/2016\/04\/coupe-thorax1.png\" class=\"grouped_elements\" rel=\"tc-fancybox-group868\"><img loading=\"lazy\" class=\"alignnone wp-image-1542 size-full\" src=\"http:\/\/s293241499.onlinehome.fr\/Luxtrans\/wp-content\/uploads\/2016\/04\/coupe-thorax1.png\" alt=\"coupe-thorax\" width=\"640\" height=\"308\" srcset=\"http:\/\/s293241499.onlinehome.fr\/Luxtrans\/wp-content\/uploads\/2016\/04\/coupe-thorax1.png 640w, http:\/\/s293241499.onlinehome.fr\/Luxtrans\/wp-content\/uploads\/2016\/04\/coupe-thorax1-300x144.png 300w\" sizes=\"(max-width: 640px) 100vw, 640px\" \/><\/a><\/p>\n","protected":false},"excerpt":{"rendered":"<p>Les organes pour lesquels les besoins sont les plus importants sont : Le rein Le foie Le c\u0153ur Le poumon Le pancr\u00e9as On pr\u00e9l\u00e8ve \u00e9galement souvent les corn\u00e9es, et parfois des parties de l\u2019intestin ou des tissus comme des os, des art\u00e8res, des tendons&#8230; On parle ici des pr\u00e9l\u00e8vements de tissus. Les \u00e9l\u00e9ments du corps [&hellip;]<\/p>\n","protected":false},"author":6,"featured_media":0,"parent":0,"menu_order":0,"comment_status":"open","ping_status":"open","template":"","meta":[],"acf":[],"yoast_head":"<!-- This site is optimized with the Yoast SEO plugin v19.13 - https:\/\/yoast.com\/wordpress\/plugins\/seo\/ -->\n<title>Quels organes peut-on offrir? - Luxembourg Transplant<\/title>\n<meta name=\"robots\" content=\"index, follow, max-snippet:-1, max-image-preview:large, max-video-preview:-1\" \/>\n<link rel=\"canonical\" href=\"http:\/\/s293241499.onlinehome.fr\/Luxtrans\/quels-organes-peut-on-offrir\/\" \/>\n<meta property=\"og:locale\" content=\"fr_FR\" \/>\n<meta property=\"og:type\" content=\"article\" \/>\n<meta property=\"og:title\" content=\"Quels organes peut-on offrir? - Luxembourg Transplant\" \/>\n<meta property=\"og:description\" content=\"Les organes pour lesquels les besoins sont les plus importants sont : Le rein Le foie Le c\u0153ur Le poumon Le pancr\u00e9as On pr\u00e9l\u00e8ve \u00e9galement souvent les corn\u00e9es, et parfois des parties de l\u2019intestin ou des tissus comme des os, des art\u00e8res, des tendons&#8230; On parle ici des pr\u00e9l\u00e8vements de tissus. Les \u00e9l\u00e9ments du corps [&hellip;]\" \/>\n<meta property=\"og:url\" content=\"http:\/\/s293241499.onlinehome.fr\/Luxtrans\/quels-organes-peut-on-offrir\/\" \/>\n<meta property=\"og:site_name\" content=\"Luxembourg Transplant\" \/>\n<meta property=\"article:modified_time\" content=\"2016-04-25T14:46:42+00:00\" \/>\n<meta property=\"og:image\" content=\"http:\/\/s293241499.onlinehome.fr\/Luxtrans\/wp-content\/uploads\/2016\/04\/coupe-thorax1.png\" \/>\n<meta name=\"twitter:card\" content=\"summary_large_image\" \/>\n<meta name=\"twitter:label1\" content=\"Dur\u00e9e de lecture estim\u00e9e\" \/>\n\t<meta name=\"twitter:data1\" content=\"1 minute\" \/>\n<script type=\"application\/ld+json\" class=\"yoast-schema-graph\">{\"@context\":\"https:\/\/schema.org\",\"@graph\":[{\"@type\":\"WebPage\",\"@id\":\"http:\/\/s293241499.onlinehome.fr\/Luxtrans\/quels-organes-peut-on-offrir\/\",\"url\":\"http:\/\/s293241499.onlinehome.fr\/Luxtrans\/quels-organes-peut-on-offrir\/\",\"name\":\"Quels organes peut-on offrir? - Luxembourg Transplant\",\"isPartOf\":{\"@id\":\"http:\/\/s293241499.onlinehome.fr\/Luxtrans\/#website\"},\"datePublished\":\"2015-10-22T21:09:26+00:00\",\"dateModified\":\"2016-04-25T14:46:42+00:00\",\"breadcrumb\":{\"@id\":\"http:\/\/s293241499.onlinehome.fr\/Luxtrans\/quels-organes-peut-on-offrir\/#breadcrumb\"},\"inLanguage\":\"fr-FR\",\"potentialAction\":[{\"@type\":\"ReadAction\",\"target\":[\"http:\/\/s293241499.onlinehome.fr\/Luxtrans\/quels-organes-peut-on-offrir\/\"]}]},{\"@type\":\"BreadcrumbList\",\"@id\":\"http:\/\/s293241499.onlinehome.fr\/Luxtrans\/quels-organes-peut-on-offrir\/#breadcrumb\",\"itemListElement\":[{\"@type\":\"ListItem\",\"position\":1,\"name\":\"Accueil\",\"item\":\"http:\/\/s293241499.onlinehome.fr\/Luxtrans\/\"},{\"@type\":\"ListItem\",\"position\":2,\"name\":\"Quels organes peut-on offrir?\"}]},{\"@type\":\"WebSite\",\"@id\":\"http:\/\/s293241499.onlinehome.fr\/Luxtrans\/#website\",\"url\":\"http:\/\/s293241499.onlinehome.fr\/Luxtrans\/\",\"name\":\"Luxembourg Transplant\",\"description\":\"Sous le Haut Patronage de Son Altesse Royale la Princesse Claire &amp; Association d&#039;utilit\u00e9 publique\",\"publisher\":{\"@id\":\"http:\/\/s293241499.onlinehome.fr\/Luxtrans\/#organization\"},\"potentialAction\":[{\"@type\":\"SearchAction\",\"target\":{\"@type\":\"EntryPoint\",\"urlTemplate\":\"http:\/\/s293241499.onlinehome.fr\/Luxtrans\/?s={search_term_string}\"},\"query-input\":\"required name=search_term_string\"}],\"inLanguage\":\"fr-FR\"},{\"@type\":\"Organization\",\"@id\":\"http:\/\/s293241499.onlinehome.fr\/Luxtrans\/#organization\",\"name\":\"Luxembourg Transplant\",\"url\":\"http:\/\/s293241499.onlinehome.fr\/Luxtrans\/\",\"logo\":{\"@type\":\"ImageObject\",\"inLanguage\":\"fr-FR\",\"@id\":\"http:\/\/s293241499.onlinehome.fr\/Luxtrans\/#\/schema\/logo\/image\/\",\"url\":\"http:\/\/s293241499.onlinehome.fr\/Luxtrans\/wp-content\/uploads\/2018\/06\/TRANSPLANT_COUL.png\",\"contentUrl\":\"http:\/\/s293241499.onlinehome.fr\/Luxtrans\/wp-content\/uploads\/2018\/06\/TRANSPLANT_COUL.png\",\"width\":2481,\"height\":813,\"caption\":\"Luxembourg Transplant\"},\"image\":{\"@id\":\"http:\/\/s293241499.onlinehome.fr\/Luxtrans\/#\/schema\/logo\/image\/\"}}]}<\/script>\n<!-- \/ Yoast SEO plugin. -->","yoast_head_json":{"title":"Quels organes peut-on offrir? - Luxembourg Transplant","robots":{"index":"index","follow":"follow","max-snippet":"max-snippet:-1","max-image-preview":"max-image-preview:large","max-video-preview":"max-video-preview:-1"},"canonical":"http:\/\/s293241499.onlinehome.fr\/Luxtrans\/quels-organes-peut-on-offrir\/","og_locale":"fr_FR","og_type":"article","og_title":"Quels organes peut-on offrir? - Luxembourg Transplant","og_description":"Les organes pour lesquels les besoins sont les plus importants sont : Le rein Le foie Le c\u0153ur Le poumon Le pancr\u00e9as On pr\u00e9l\u00e8ve \u00e9galement souvent les corn\u00e9es, et parfois des parties de l\u2019intestin ou des tissus comme des os, des art\u00e8res, des tendons&#8230; On parle ici des pr\u00e9l\u00e8vements de tissus. Les \u00e9l\u00e9ments du corps [&hellip;]","og_url":"http:\/\/s293241499.onlinehome.fr\/Luxtrans\/quels-organes-peut-on-offrir\/","og_site_name":"Luxembourg Transplant","article_modified_time":"2016-04-25T14:46:42+00:00","og_image":[{"url":"http:\/\/s293241499.onlinehome.fr\/Luxtrans\/wp-content\/uploads\/2016\/04\/coupe-thorax1.png"}],"twitter_card":"summary_large_image","twitter_misc":{"Dur\u00e9e de lecture estim\u00e9e":"1 minute"},"schema":{"@context":"https:\/\/schema.org","@graph":[{"@type":"WebPage","@id":"http:\/\/s293241499.onlinehome.fr\/Luxtrans\/quels-organes-peut-on-offrir\/","url":"http:\/\/s293241499.onlinehome.fr\/Luxtrans\/quels-organes-peut-on-offrir\/","name":"Quels organes peut-on offrir? - Luxembourg Transplant","isPartOf":{"@id":"http:\/\/s293241499.onlinehome.fr\/Luxtrans\/#website"},"datePublished":"2015-10-22T21:09:26+00:00","dateModified":"2016-04-25T14:46:42+00:00","breadcrumb":{"@id":"http:\/\/s293241499.onlinehome.fr\/Luxtrans\/quels-organes-peut-on-offrir\/#breadcrumb"},"inLanguage":"fr-FR","potentialAction":[{"@type":"ReadAction","target":["http:\/\/s293241499.onlinehome.fr\/Luxtrans\/quels-organes-peut-on-offrir\/"]}]},{"@type":"BreadcrumbList","@id":"http:\/\/s293241499.onlinehome.fr\/Luxtrans\/quels-organes-peut-on-offrir\/#breadcrumb","itemListElement":[{"@type":"ListItem","position":1,"name":"Accueil","item":"http:\/\/s293241499.onlinehome.fr\/Luxtrans\/"},{"@type":"ListItem","position":2,"name":"Quels organes peut-on offrir?"}]},{"@type":"WebSite","@id":"http:\/\/s293241499.onlinehome.fr\/Luxtrans\/#website","url":"http:\/\/s293241499.onlinehome.fr\/Luxtrans\/","name":"Luxembourg Transplant","description":"Sous le Haut Patronage de Son Altesse Royale la Princesse Claire &amp; Association d&#039;utilit\u00e9 publique","publisher":{"@id":"http:\/\/s293241499.onlinehome.fr\/Luxtrans\/#organization"},"potentialAction":[{"@type":"SearchAction","target":{"@type":"EntryPoint","urlTemplate":"http:\/\/s293241499.onlinehome.fr\/Luxtrans\/?s={search_term_string}"},"query-input":"required name=search_term_string"}],"inLanguage":"fr-FR"},{"@type":"Organization","@id":"http:\/\/s293241499.onlinehome.fr\/Luxtrans\/#organization","name":"Luxembourg Transplant","url":"http:\/\/s293241499.onlinehome.fr\/Luxtrans\/","logo":{"@type":"ImageObject","inLanguage":"fr-FR","@id":"http:\/\/s293241499.onlinehome.fr\/Luxtrans\/#\/schema\/logo\/image\/","url":"http:\/\/s293241499.onlinehome.fr\/Luxtrans\/wp-content\/uploads\/2018\/06\/TRANSPLANT_COUL.png","contentUrl":"http:\/\/s293241499.onlinehome.fr\/Luxtrans\/wp-content\/uploads\/2018\/06\/TRANSPLANT_COUL.png","width":2481,"height":813,"caption":"Luxembourg Transplant"},"image":{"@id":"http:\/\/s293241499.onlinehome.fr\/Luxtrans\/#\/schema\/logo\/image\/"}}]}},"_links":{"self":[{"href":"http:\/\/s293241499.onlinehome.fr\/Luxtrans\/wp-json\/wp\/v2\/pages\/868"}],"collection":[{"href":"http:\/\/s293241499.onlinehome.fr\/Luxtrans\/wp-json\/wp\/v2\/pages"}],"about":[{"href":"http:\/\/s293241499.onlinehome.fr\/Luxtrans\/wp-json\/wp\/v2\/types\/page"}],"author":[{"embeddable":true,"href":"http:\/\/s293241499.onlinehome.fr\/Luxtrans\/wp-json\/wp\/v2\/users\/6"}],"replies":[{"embeddable":true,"href":"http:\/\/s293241499.onlinehome.fr\/Luxtrans\/wp-json\/wp\/v2\/comments?post=868"}],"version-history":[{"count":8,"href":"http:\/\/s293241499.onlinehome.fr\/Luxtrans\/wp-json\/wp\/v2\/pages\/868\/revisions"}],"predecessor-version":[{"id":1543,"href":"http:\/\/s293241499.onlinehome.fr\/Luxtrans\/wp-json\/wp\/v2\/pages\/868\/revisions\/1543"}],"wp:attachment":[{"href":"http:\/\/s293241499.onlinehome.fr\/Luxtrans\/wp-json\/wp\/v2\/media?parent=868"}],"curies":[{"name":"wp","href":"https:\/\/api.w.org\/{rel}","templated":true}]}}